{"id":260,"date":"2025-03-28T19:01:43","date_gmt":"2025-03-28T19:01:43","guid":{"rendered":"http:\/\/www.sterkeerectie.nl\/?post_type=product&#038;p=260"},"modified":"2025-04-14T19:59:57","modified_gmt":"2025-04-14T19:59:57","slug":"libido-100-1-strip","status":"publish","type":"product","link":"https:\/\/www.sterkeerectie.nl\/index.php\/product\/libido-100-1-strip\/","title":{"rendered":"Libido 100 1 strip"},"content":{"rendered":"<p>Libido 100 is een product wat al jaren in Azi\u00eb wordt gebruikt om de seksuele energie bij mannen te stimuleren. Deze verbeterde seksuele energie helpt u om gemakkelijker een erectie te krijgen, tevens versterkt het de lustgevoelens, zowel bij man als bij vrouw.<\/p>\n<ul>\n<li>Stimuleert de seksuele energie<\/li>\n<li>Versterkt lustgevoelens<\/li>\n<li>Kleur: Blauw<\/li>\n<li>Inhoud: 5 capsules<\/li>\n<\/ul>\n<p>Dit oorspronkelijk oud-Chinese product levert bij gebruikers zeer tevreden resultaten. Het stimuleert en zorgt dat je uren seksueel actief kan zijn. Dosering: 1 capsule innemen per seksuele activiteit. Neem de capsule een uur voor de activiteit in.<\/p>\n<p>Verpakkingsinhoud: 5 stuks Libido 100 wordt afgeraden te gebruiken bij: hartproblemen, zwangerschap, gebruik van medicijnen en bij overgevoeligheid voor \u00e9\u00e9n of meer van de ingredi\u00ebnten. Maximaal 1 capsule per 24 uur gebruiken. Lees voor het gebruik altijd de gebruiksaanwijzing. Een capsule van 500mg is \u00e9\u00e9n dosering. U neemt Libido 100 ongeveer \u00e9\u00e9n tot twee uur voorafgaande aan seksuele activiteit. Slik de capsule in zijn geheel door met een glas water.<\/p>\n<p><strong>Ingredi\u00ebnten Per Capsule<em>:<\/em><\/strong><br \/>\nMaca Dry Extract\u00a0\u00a0\u00a0\u00a0\u00a0\u00a0\u00a0\u00a0\u00a0\u00a0\u00a0\u00a0\u00a0\u00a0\u00a0\u00a0\u00a0\u00a0\u00a0\u00a0\u00a0\u00a0\u00a0 60 mg \u00a0\u00a0\u00a0\u00a0\u00a0\u00a0 \u00a0\u00a0\u00a0\u00a0\u00a0\u00a0\u00a0\u00a0\u00a0\u00a0\u00a0<strong><br \/>\n<\/strong>Rhodiola\u00a0\u00a0\u00a0\u00a0\u00a0\u00a0\u00a0\u00a0\u00a0\u00a0\u00a0\u00a0\u00a0\u00a0\u00a0\u00a0\u00a0\u00a0\u00a0\u00a0\u00a0\u00a0\u00a0\u00a0\u00a0\u00a0\u00a0\u00a0\u00a0\u00a0\u00a0\u00a0\u00a0\u00a0\u00a0\u00a0 50 mg \u00a0\u00a0\u00a0\u00a0\u00a0\u00a0\u00a0\u00a0\u00a0\u00a0\u00a0\u00a0\u00a0\u00a0\u00a0\u00a0\u00a0\u00a0<strong><br \/>\n<\/strong>Ophiocordyceps sinensis\u00a0\u00a0\u00a0\u00a0\u00a0\u00a0\u00a0\u00a0\u00a0\u00a0 25 mg<br \/>\nPanax ginseng\u00a0\u00a0\u00a0\u00a0\u00a0\u00a0\u00a0\u00a0\u00a0\u00a0\u00a0\u00a0\u00a0\u00a0\u00a0\u00a0\u00a0\u00a0\u00a0\u00a0\u00a0\u00a0\u00a0\u00a0\u00a0\u00a0 25 mg<br \/>\nCynomorium\u00a0\u00a0\u00a0\u00a0\u00a0\u00a0\u00a0\u00a0\u00a0\u00a0\u00a0\u00a0\u00a0\u00a0\u00a0\u00a0\u00a0\u00a0\u00a0\u00a0\u00a0\u00a0\u00a0\u00a0\u00a0\u00a0\u00a0\u00a0\u00a0 25 mg<br \/>\nGentiana macrophylla\u00a0\u00a0\u00a0\u00a0\u00a0\u00a0\u00a0\u00a0\u00a0\u00a0\u00a0\u00a0\u00a0\u00a0 25 mg<br \/>\nLonicera japonica\u00a0\u00a0\u00a0\u00a0\u00a0\u00a0\u00a0\u00a0\u00a0\u00a0\u00a0\u00a0\u00a0\u00a0\u00a0\u00a0\u00a0\u00a0\u00a0\u00a0\u00a0 25 mg<br \/>\nSchisandra chinensis\u00a0\u00a0\u00a0\u00a0\u00a0\u00a0\u00a0\u00a0\u00a0\u00a0\u00a0\u00a0\u00a0\u00a0\u00a0 12,5 mg<br \/>\nEucommia\u00a0\u00a0\u00a0\u00a0\u00a0\u00a0\u00a0\u00a0\u00a0\u00a0\u00a0\u00a0\u00a0\u00a0\u00a0\u00a0\u00a0\u00a0\u00a0\u00a0\u00a0\u00a0\u00a0\u00a0\u00a0\u00a0\u00a0\u00a0\u00a0\u00a0\u00a0\u00a0 12,5 mg<br \/>\nFallopia multiflora\u00a0\u00a0\u00a0\u00a0\u00a0\u00a0\u00a0\u00a0\u00a0\u00a0\u00a0\u00a0\u00a0\u00a0\u00a0\u00a0\u00a0\u00a0\u00a0\u00a0\u00a0 12,5 mg<br \/>\nCinnamomum cassia\u00a0\u00a0\u00a0\u00a0\u00a0\u00a0\u00a0\u00a0\u00a0\u00a0\u00a0\u00a0\u00a0\u00a0\u00a0\u00a0 12,5 mg<br \/>\nRehmannia glutinosa\u00a0\u00a0\u00a0\u00a0\u00a0\u00a0\u00a0\u00a0\u00a0\u00a0\u00a0\u00a0\u00a0\u00a0\u00a0\u00a0 12,5 mg<br \/>\nScrophularia\u00a0\u00a0\u00a0\u00a0\u00a0\u00a0\u00a0\u00a0\u00a0\u00a0\u00a0\u00a0\u00a0\u00a0\u00a0\u00a0\u00a0\u00a0\u00a0\u00a0\u00a0\u00a0\u00a0\u00a0\u00a0\u00a0\u00a0\u00a0\u00a0\u00a0 2,5 mg<\/p>\n<p><strong>Aanbevolen gebruik:<\/strong>\u00a0Neem ongeveer 30 minuten voor de seksuele activiteit 1 capsule in met voldoende water. Neem niet meer dan 2 capsules per etmaal. Voedingssupplementen zijn geen vervanging van een gevarieerde voeding.<\/p>\n","protected":false},"excerpt":{"rendered":"<p>Libido 100 is een product wat al jaren in Azi\u00eb wordt gebruikt om de seksuele energie bij mannen te stimuleren. [&hellip;]<\/p>\n","protected":false},"featured_media":380,"comment_status":"closed","ping_status":"closed","template":"","meta":{"site-sidebar-layout":"default","site-content-layout":"","ast-site-content-layout":"default","site-content-style":"default","site-sidebar-style":"default","ast-global-header-display":"","ast-banner-title-visibility":"","ast-main-header-display":"","ast-hfb-above-header-display":"","ast-hfb-below-header-display":"","ast-hfb-mobile-header-display":"","site-post-title":"","ast-breadcrumbs-content":"","ast-featured-img":"","footer-sml-layout":"","ast-disable-related-posts":"","theme-transparent-header-meta":"default","adv-header-id-meta":"","stick-header-meta":"","header-above-stick-meta":"","header-main-stick-meta":"","header-below-stick-meta":"","astra-migrate-meta-layouts":"set","ast-page-background-enabled":"default","ast-page-background-meta":{"desktop":{"background-color":"var(--ast-global-color-5)","background-image":"","background-repeat":"repeat","background-position":"center center","background-size":"auto","background-attachment":"scroll","background-type":"","background-media":"","overlay-type":"","overlay-color":"","overlay-opacity":"","overlay-gradient":""},"tablet":{"background-color":"","background-image":"","background-repeat":"repeat","background-position":"center center","background-size":"auto","background-attachment":"scroll","background-type":"","background-media":"","overlay-type":"","overlay-color":"","overlay-opacity":"","overlay-gradient":""},"mobile":{"background-color":"","background-image":"","background-repeat":"repeat","background-position":"center center","background-size":"auto","background-attachment":"scroll","background-type":"","background-media":"","overlay-type":"","overlay-color":"","overlay-opacity":"","overlay-gradient":""}},"ast-content-background-meta":{"desktop":{"background-color":"var(--ast-global-color-4)","background-image":"","background-repeat":"repeat","background-position":"center center","background-size":"auto","background-attachment":"scroll","background-type":"","background-media":"","overlay-type":"","overlay-color":"","overlay-opacity":"","overlay-gradient":""},"tablet":{"background-color":"var(--ast-global-color-4)","background-image":"","background-repeat":"repeat","background-position":"center center","background-size":"auto","background-attachment":"scroll","background-type":"","background-media":"","overlay-type":"","overlay-color":"","overlay-opacity":"","overlay-gradient":""},"mobile":{"background-color":"var(--ast-global-color-4)","background-image":"","background-repeat":"repeat","background-position":"center center","background-size":"auto","background-attachment":"scroll","background-type":"","background-media":"","overlay-type":"","overlay-color":"","overlay-opacity":"","overlay-gradient":""}}},"product_brand":[],"product_cat":[23],"product_tag":[],"class_list":{"0":"post-260","1":"product","2":"type-product","3":"status-publish","4":"has-post-thumbnail","6":"product_cat-libido-100","7":"desktop-align-left","8":"tablet-align-left","9":"mobile-align-left","11":"first","12":"instock","13":"purchasable","14":"product-type-simple"},"yoast_head":"<!-- This site is optimized with the Yoast SEO plugin v27.4 - https:\/\/yoast.com\/product\/yoast-seo-wordpress\/ -->\n<title>Libido 100 1 strip -<\/title>\n<meta name=\"robots\" content=\"index, follow, max-snippet:-1, max-image-preview:large, max-video-preview:-1\" \/>\n<link rel=\"canonical\" href=\"https:\/\/www.sterkeerectie.nl\/index.php\/product\/libido-100-1-strip\/\" \/>\n<meta property=\"og:locale\" content=\"nl_NL\" \/>\n<meta property=\"og:type\" content=\"article\" \/>\n<meta property=\"og:title\" content=\"Libido 100 1 strip -\" \/>\n<meta property=\"og:description\" content=\"Libido 100 is een product wat al jaren in Azi\u00eb wordt gebruikt om de seksuele energie bij mannen te stimuleren. [&hellip;]\" \/>\n<meta property=\"og:url\" content=\"https:\/\/www.sterkeerectie.nl\/index.php\/product\/libido-100-1-strip\/\" \/>\n<meta property=\"article:modified_time\" content=\"2025-04-14T19:59:57+00:00\" \/>\n<meta property=\"og:image\" content=\"https:\/\/www.sterkeerectie.nl\/wp-content\/uploads\/2025\/03\/Libido-100-\u2013-de-libido-verhogende-capsule-van-Europa.jpg\" \/>\n\t<meta property=\"og:image:width\" content=\"510\" \/>\n\t<meta property=\"og:image:height\" content=\"510\" \/>\n\t<meta property=\"og:image:type\" content=\"image\/jpeg\" \/>\n<meta name=\"twitter:card\" content=\"summary_large_image\" \/>\n<meta name=\"twitter:label1\" content=\"Geschatte leestijd\" \/>\n\t<meta name=\"twitter:data1\" content=\"2 minuten\" \/>\n<script type=\"application\/ld+json\" class=\"yoast-schema-graph\">{\"@context\":\"https:\\\/\\\/schema.org\",\"@graph\":[{\"@type\":\"WebPage\",\"@id\":\"https:\\\/\\\/www.sterkeerectie.nl\\\/index.php\\\/product\\\/libido-100-1-strip\\\/\",\"url\":\"https:\\\/\\\/www.sterkeerectie.nl\\\/index.php\\\/product\\\/libido-100-1-strip\\\/\",\"name\":\"Libido 100 1 strip -\",\"isPartOf\":{\"@id\":\"https:\\\/\\\/www.sterkeerectie.nl\\\/#website\"},\"primaryImageOfPage\":{\"@id\":\"https:\\\/\\\/www.sterkeerectie.nl\\\/index.php\\\/product\\\/libido-100-1-strip\\\/#primaryimage\"},\"image\":{\"@id\":\"https:\\\/\\\/www.sterkeerectie.nl\\\/index.php\\\/product\\\/libido-100-1-strip\\\/#primaryimage\"},\"thumbnailUrl\":\"https:\\\/\\\/www.sterkeerectie.nl\\\/wp-content\\\/uploads\\\/2025\\\/03\\\/Libido-100-\u2013-de-libido-verhogende-capsule-van-Europa.jpg\",\"datePublished\":\"2025-03-28T19:01:43+00:00\",\"dateModified\":\"2025-04-14T19:59:57+00:00\",\"breadcrumb\":{\"@id\":\"https:\\\/\\\/www.sterkeerectie.nl\\\/index.php\\\/product\\\/libido-100-1-strip\\\/#breadcrumb\"},\"inLanguage\":\"nl-NL\",\"potentialAction\":[{\"@type\":\"ReadAction\",\"target\":[\"https:\\\/\\\/www.sterkeerectie.nl\\\/index.php\\\/product\\\/libido-100-1-strip\\\/\"]}]},{\"@type\":\"ImageObject\",\"inLanguage\":\"nl-NL\",\"@id\":\"https:\\\/\\\/www.sterkeerectie.nl\\\/index.php\\\/product\\\/libido-100-1-strip\\\/#primaryimage\",\"url\":\"https:\\\/\\\/www.sterkeerectie.nl\\\/wp-content\\\/uploads\\\/2025\\\/03\\\/Libido-100-\u2013-de-libido-verhogende-capsule-van-Europa.jpg\",\"contentUrl\":\"https:\\\/\\\/www.sterkeerectie.nl\\\/wp-content\\\/uploads\\\/2025\\\/03\\\/Libido-100-\u2013-de-libido-verhogende-capsule-van-Europa.jpg\",\"width\":510,\"height\":510},{\"@type\":\"BreadcrumbList\",\"@id\":\"https:\\\/\\\/www.sterkeerectie.nl\\\/index.php\\\/product\\\/libido-100-1-strip\\\/#breadcrumb\",\"itemListElement\":[{\"@type\":\"ListItem\",\"position\":1,\"name\":\"Home\",\"item\":\"https:\\\/\\\/www.sterkeerectie.nl\\\/\"},{\"@type\":\"ListItem\",\"position\":2,\"name\":\"Winkel\",\"item\":\"https:\\\/\\\/www.sterkeerectie.nl\\\/index.php\\\/winkel\\\/\"},{\"@type\":\"ListItem\",\"position\":3,\"name\":\"Libido 100 1 strip\"}]},{\"@type\":\"WebSite\",\"@id\":\"https:\\\/\\\/www.sterkeerectie.nl\\\/#website\",\"url\":\"https:\\\/\\\/www.sterkeerectie.nl\\\/\",\"name\":\"Sterke Erectie\",\"description\":\"Sterke Erectie, de website voor al uw erectiemiddelen\",\"publisher\":{\"@id\":\"https:\\\/\\\/www.sterkeerectie.nl\\\/#organization\"},\"potentialAction\":[{\"@type\":\"SearchAction\",\"target\":{\"@type\":\"EntryPoint\",\"urlTemplate\":\"https:\\\/\\\/www.sterkeerectie.nl\\\/?s={search_term_string}\"},\"query-input\":{\"@type\":\"PropertyValueSpecification\",\"valueRequired\":true,\"valueName\":\"search_term_string\"}}],\"inLanguage\":\"nl-NL\"},{\"@type\":\"Organization\",\"@id\":\"https:\\\/\\\/www.sterkeerectie.nl\\\/#organization\",\"name\":\"Sterke Erectie\",\"url\":\"https:\\\/\\\/www.sterkeerectie.nl\\\/\",\"logo\":{\"@type\":\"ImageObject\",\"inLanguage\":\"nl-NL\",\"@id\":\"https:\\\/\\\/www.sterkeerectie.nl\\\/#\\\/schema\\\/logo\\\/image\\\/\",\"url\":\"https:\\\/\\\/www.sterkeerectie.nl\\\/wp-content\\\/uploads\\\/2025\\\/03\\\/cropped-logo.png\",\"contentUrl\":\"https:\\\/\\\/www.sterkeerectie.nl\\\/wp-content\\\/uploads\\\/2025\\\/03\\\/cropped-logo.png\",\"width\":892,\"height\":138,\"caption\":\"Sterke Erectie\"},\"image\":{\"@id\":\"https:\\\/\\\/www.sterkeerectie.nl\\\/#\\\/schema\\\/logo\\\/image\\\/\"}}]}<\/script>\n<!-- \/ Yoast SEO plugin. -->","yoast_head_json":{"title":"Libido 100 1 strip -","robots":{"index":"index","follow":"follow","max-snippet":"max-snippet:-1","max-image-preview":"max-image-preview:large","max-video-preview":"max-video-preview:-1"},"canonical":"https:\/\/www.sterkeerectie.nl\/index.php\/product\/libido-100-1-strip\/","og_locale":"nl_NL","og_type":"article","og_title":"Libido 100 1 strip -","og_description":"Libido 100 is een product wat al jaren in Azi\u00eb wordt gebruikt om de seksuele energie bij mannen te stimuleren. [&hellip;]","og_url":"https:\/\/www.sterkeerectie.nl\/index.php\/product\/libido-100-1-strip\/","article_modified_time":"2025-04-14T19:59:57+00:00","og_image":[{"width":510,"height":510,"url":"https:\/\/www.sterkeerectie.nl\/wp-content\/uploads\/2025\/03\/Libido-100-\u2013-de-libido-verhogende-capsule-van-Europa.jpg","type":"image\/jpeg"}],"twitter_card":"summary_large_image","twitter_misc":{"Geschatte leestijd":"2 minuten"},"schema":{"@context":"https:\/\/schema.org","@graph":[{"@type":"WebPage","@id":"https:\/\/www.sterkeerectie.nl\/index.php\/product\/libido-100-1-strip\/","url":"https:\/\/www.sterkeerectie.nl\/index.php\/product\/libido-100-1-strip\/","name":"Libido 100 1 strip -","isPartOf":{"@id":"https:\/\/www.sterkeerectie.nl\/#website"},"primaryImageOfPage":{"@id":"https:\/\/www.sterkeerectie.nl\/index.php\/product\/libido-100-1-strip\/#primaryimage"},"image":{"@id":"https:\/\/www.sterkeerectie.nl\/index.php\/product\/libido-100-1-strip\/#primaryimage"},"thumbnailUrl":"https:\/\/www.sterkeerectie.nl\/wp-content\/uploads\/2025\/03\/Libido-100-\u2013-de-libido-verhogende-capsule-van-Europa.jpg","datePublished":"2025-03-28T19:01:43+00:00","dateModified":"2025-04-14T19:59:57+00:00","breadcrumb":{"@id":"https:\/\/www.sterkeerectie.nl\/index.php\/product\/libido-100-1-strip\/#breadcrumb"},"inLanguage":"nl-NL","potentialAction":[{"@type":"ReadAction","target":["https:\/\/www.sterkeerectie.nl\/index.php\/product\/libido-100-1-strip\/"]}]},{"@type":"ImageObject","inLanguage":"nl-NL","@id":"https:\/\/www.sterkeerectie.nl\/index.php\/product\/libido-100-1-strip\/#primaryimage","url":"https:\/\/www.sterkeerectie.nl\/wp-content\/uploads\/2025\/03\/Libido-100-\u2013-de-libido-verhogende-capsule-van-Europa.jpg","contentUrl":"https:\/\/www.sterkeerectie.nl\/wp-content\/uploads\/2025\/03\/Libido-100-\u2013-de-libido-verhogende-capsule-van-Europa.jpg","width":510,"height":510},{"@type":"BreadcrumbList","@id":"https:\/\/www.sterkeerectie.nl\/index.php\/product\/libido-100-1-strip\/#breadcrumb","itemListElement":[{"@type":"ListItem","position":1,"name":"Home","item":"https:\/\/www.sterkeerectie.nl\/"},{"@type":"ListItem","position":2,"name":"Winkel","item":"https:\/\/www.sterkeerectie.nl\/index.php\/winkel\/"},{"@type":"ListItem","position":3,"name":"Libido 100 1 strip"}]},{"@type":"WebSite","@id":"https:\/\/www.sterkeerectie.nl\/#website","url":"https:\/\/www.sterkeerectie.nl\/","name":"Sterke Erectie","description":"Sterke Erectie, de website voor al uw erectiemiddelen","publisher":{"@id":"https:\/\/www.sterkeerectie.nl\/#organization"},"potentialAction":[{"@type":"SearchAction","target":{"@type":"EntryPoint","urlTemplate":"https:\/\/www.sterkeerectie.nl\/?s={search_term_string}"},"query-input":{"@type":"PropertyValueSpecification","valueRequired":true,"valueName":"search_term_string"}}],"inLanguage":"nl-NL"},{"@type":"Organization","@id":"https:\/\/www.sterkeerectie.nl\/#organization","name":"Sterke Erectie","url":"https:\/\/www.sterkeerectie.nl\/","logo":{"@type":"ImageObject","inLanguage":"nl-NL","@id":"https:\/\/www.sterkeerectie.nl\/#\/schema\/logo\/image\/","url":"https:\/\/www.sterkeerectie.nl\/wp-content\/uploads\/2025\/03\/cropped-logo.png","contentUrl":"https:\/\/www.sterkeerectie.nl\/wp-content\/uploads\/2025\/03\/cropped-logo.png","width":892,"height":138,"caption":"Sterke Erectie"},"image":{"@id":"https:\/\/www.sterkeerectie.nl\/#\/schema\/logo\/image\/"}}]}},"_links":{"self":[{"href":"https:\/\/www.sterkeerectie.nl\/index.php\/wp-json\/wp\/v2\/product\/260","targetHints":{"allow":["GET"]}}],"collection":[{"href":"https:\/\/www.sterkeerectie.nl\/index.php\/wp-json\/wp\/v2\/product"}],"about":[{"href":"https:\/\/www.sterkeerectie.nl\/index.php\/wp-json\/wp\/v2\/types\/product"}],"replies":[{"embeddable":true,"href":"https:\/\/www.sterkeerectie.nl\/index.php\/wp-json\/wp\/v2\/comments?post=260"}],"version-history":[{"count":1,"href":"https:\/\/www.sterkeerectie.nl\/index.php\/wp-json\/wp\/v2\/product\/260\/revisions"}],"predecessor-version":[{"id":290,"href":"https:\/\/www.sterkeerectie.nl\/index.php\/wp-json\/wp\/v2\/product\/260\/revisions\/290"}],"wp:featuredmedia":[{"embeddable":true,"href":"https:\/\/www.sterkeerectie.nl\/index.php\/wp-json\/wp\/v2\/media\/380"}],"wp:attachment":[{"href":"https:\/\/www.sterkeerectie.nl\/index.php\/wp-json\/wp\/v2\/media?parent=260"}],"wp:term":[{"taxonomy":"product_brand","embeddable":true,"href":"https:\/\/www.sterkeerectie.nl\/index.php\/wp-json\/wp\/v2\/product_brand?post=260"},{"taxonomy":"product_cat","embeddable":true,"href":"https:\/\/www.sterkeerectie.nl\/index.php\/wp-json\/wp\/v2\/product_cat?post=260"},{"taxonomy":"product_tag","embeddable":true,"href":"https:\/\/www.sterkeerectie.nl\/index.php\/wp-json\/wp\/v2\/product_tag?post=260"}],"curies":[{"name":"wp","href":"https:\/\/api.w.org\/{rel}","templated":true}]}}